 g(a) = -8*a - 5. What is g(-4)?
27
Let z(w) = 2*w - 6. Determine z(-4).
-14
Let y(t) = -t**2 - 26*t - 67. Determine y(-24).
-19
Let q(t) = t**2 + 2*t - 10. What is q(-3)?
-7
Let v(x) = x**2 - 11*x - 79. Calculate v(-5).
1
Let c(t) = -3*t + 64. What is c(23)?
-5
Let t(u) = -3*u**2 + 55*u - 71. Determine t(17).
-3
Let i(y) = -3*y**2 + 49*y - 26. Determine i(16).
-10
Let o(h) = -2*h + 6. What is o(5)?
-4
Let a(o) = 2*o**2 - 55*o + 11. What is a(27)?
-16
Let r(f) = f**2 + 14*f + 5. Give r(-8).
-43
Let y(w) = -w**3 + w - 6. Calculate y(2).
-12
Let c(u) = -u**3 - 24*u**2 + u + 39. Give c(-24).
15
Let j(p) = 6*p + 6. Calculate j(5).
36
Let f(j) = j**3 - j**2 - j + 7. What is f(0)?
7
Let x(g) = 2*g - 19. Give x(16).
13
Let j(u) = -5*u**2 - 4. Calculate j(5).
-129
Let l(h) = -21*h - 4. Determine l(-2).
38
Let o(a) = 2*a**3 + 59*a**2 + 31*a + 33. Calculate o(-29).
-25
Let l(x) = -3*x**2 - 5*x - 2. Determine l(-3).
-14
Let u(w) = w**2 + 6*w - 1. Determine u(-6).
-1
Let j(l) = -l**2 - 11*l + 17. What is j(-13)?
-9
Let v(d) = -d**2 - 20*d - 76. What is v(-8)?
20
Let a(r) = -r + 17. Determine a(12).
5
Let d(q) = -q**3 - 18*q**2 + 16*q - 87. Give d(-19).
-30
Let z(x) = 47*x**2 + 90*x - 8. Calculate z(-2).
0
Let c(d) = -d**3 - 4*d**2 - 1. Calculate c(-6).
71
Let x(u) = u**3 + 5*u**2 - 6*u - 1. Calculate x(-7).
-57
Let d(a) = a**3 - 8*a**2 + 6*a - 2. Calculate d(6).
-38
Let r(o) = 3*o + 11. What is r(-7)?
-10
Let f(j) = -j**3 + 10*j**2 - 6*j + 4. Give f(9).
31
Let o(u) = u**2 + 14*u + 16. Calculate o(-13).
3
Let i(k) = k**3 + 9*k**2 - 21*k + 10. Determine i(-11).
-1
Let p(v) = -2*v - 1. Calculate p(-3).
5
Let f(i) = -i**3 + 8*i**2 - 9*i - 24. Give f(6).
-6
Let o(u) = -u + 2. Give o(-4).
6
Let l(n) = 19*n + 61. Calculate l(-4).
-15
Let g(b) = b**3 - 12*b**2 - 2. What is g(12)?
-2
Let v(f) = -f**2 + 5*f. Give v(5).
0
Let u(c) = -2*c**3 + c**2 - 2*c - 2. Calculate u(-1).
3
Let q(t) = 25*t + 149. Determine q(-6).
-1
Let v(h) = -h**3 - 7*h**2. What is v(-7)?
0
Let t(m) = -3*m - 16. Give t(-2).
-10
Let k(l) = l**2 + 19*l + 3. Calculate k(-19).
3
Let b(r) = r**2 + 7*r + 1. Give b(-7).
1
Let w(j) = 2*j - 11. Determine w(8).
5
Let z(w) = w**3 - 3*w**2 + w + 4. Give z(3).
7
Let f(z) = -3*z**3 - 2*z**2 + 4*z - 5. What is f(2)?
-29
Let t(i) = -2*i + 4. Calculate t(5).
-6
Let j(z) = -4*z + 14. Determine j(10).
-26
Let p(r) = 8*r - 48. What is p(10)?
32
Let q(d) = 3*d + 4. Calculate q(-8).
-20
Let y(k) = -19*k - 27. What is y(2)?
-65
Let f(w) = w**2 + 6*w + 10. What is f(-6)?
10
Let q(t) = t - 6. What is q(-5)?
-11
Let x(v) = -2*v - 15. What is x(7)?
-29
Let w(l) = -l**2 - 5*l - 1. Calculate w(-3).
5
Let b(q) = q**3 + 4*q**2 - 11*q + 10. Calculate b(-6).
4
Let i(o) = -o**2 - 12*o + 5. Give i(-13).
-8
Let i(l) = 51*l + 5. Calculate i(1).
56
Let t(w) = 53*w + 472. Give t(-9).
-5
Let j(s) = -s**2 + 16. Determine j(0).
16
Let o(n) = 5*n. What is o(-5)?
-25
Let h(k) = -k**2 + 31*k - 14. What is h(31)?
-14
Let i(j) = j**3 - j**2 + 2*j + 1. Calculate i(2).
9
Let i(p) = -p**3 - 14*p**2 - 28*p - 27. Determine i(-12).
21
Let a(t) = -t**3 + 17*t**2 - t + 1. Give a(17).
-16
Let k(f) = 2*f**3 - 7*f**2 + 12*f + 11. Give k(4).
75
Let o(t) = t**3 - 8*t**2 + 4*t + 25. Calculate o(7).
4
Let g(c) = -c**2 - 17*c + 2. Calculate g(-18).
-16
Let n(t) = 3*t + 4. What is n(9)?
31
Let r(y) = -3*y + 21. Give r(9).
-6
Let f(c) = c - 87. Give f(0).
-87
Let i(t) = -t - 16. Determine i(-7).
-9
Let z(y) = -2*y**2 - 36*y - 3. Give z(-18).
-3
Let m(q) = 20*q**2 - 2*q + 1. What is m(1)?
19
Let o(l) = 48*l - 2. Determine o(1).
46
Let j(c) = 3*c**3 - 3*c**2 + 4*c + 12. What is j(-3)?
-108
Let f(h) = 2*h**2 - 12*h. What is f(6)?
0
Let b(c) = -71*c**2 + c. Determine b(-1).
-72
Let x(r) = -3*r**2 - 7*r + 1. Give x(-3).
-5
Let v(b) = b**3 + 10*b**2 - 13*b - 25. What is v(-11)?
-3
Let l(q) = -q**2 - 17*q - 40. Determine l(-15).
-10
Let w(h) = h + 2. Determine w(7).
9
Let a(k) = 23*k + 196. What is a(-9)?
-11
Let q(c) = 7*c + 21. Give q(-4).
-7
Let v(q) = -6*q - 107. Determine v(-23).
31
Let p(w) = -16*w + 137. What is p(9)?
-7
Let j(k) = -5*k - 116. What is j(-24)?
4
Let a(y) = -3*y**2 - 4*y - 4. What is a(-3)?
-19
Let k(x) = 8*x + 63. Give k(-9).
-9
Let v(i) = -i**2 - 6*i - 6. What is v(-5)?
-1
Let o(n) = 11*n - 94. Calculate o(11).
27
Let r(t) = -t**3 + t**2 - t - 4. What is r(-2)?
10
Let j(s) = s + 3. Calculate j(-1).
2
Let j(k) = -k**3 + 4*k**2 + 5*k - 2. What is j(5)?
-2
Let z(q) = -7*q - 7. Give z(6).
-49
Let k(m) = -2*m - 19. What is k(-2)?
-15
Let q(r) = -42*r - 2. What is q(1)?
-44
Let z(q) = q**2 + 10*q + 34. Give z(-10).
34
Let p(l) = -7*l - 34. Give p(-17).
85
Let v(l) = -l**3 + 13*l**2 + 24*l + 90. What is v(15)?
0
Let x(k) = k**2 - 7*k + 4. Determine x(5).
-6
Let l(o) = -o**2 - 12*o + 9. What is l(-7)?
44
Let q(w) = w + 7. What is q(10)?
17
Let w(b) = 2*b**2 + 8*b + 27. What is w(6)?
147
Let s(v) = -59*v - 708. Determine s(-12).
0
Let n(x) = x**3 + 4*x**2 - 6*x - 10. What is n(-5)?
-5
Let c(d) = -2*d**2 - 42*d - 205. Give c(-6).
-25
Let b(v) = 5*v - 10. Determine b(2).
0
Let a(r) = -r**2 + 5*r. Calculate a(2).
6
Let w(c) = 2*c**3 + 15*c**2 + 7*c + 2. What is w(-7)?
2
Let z(n) = n**3 - 11*n**2 + 4*n + 30. Calculate z(10).
-30
Let u(g) = -g - 5. Determine u(-1).
-4
Let d(t) = -t**2 + 26*t - 30. Calculate d(25).
-5
Let k(z) = z**2 + 14*z + 24. Give k(-12).
0
Let k(h) = 2*h + 8. Calculate k(2).
12
Let v(j) = 3*j - 81. Calculate v(33).
18
Let n(b) = 4*b + 5. Give n(5).
25
Let f(c) = -c**2 + 2*c. Give f(-3).
-15
Let v(z) = -5*z - 18. Calculate v(-10).
32
Let j(m) = -9*m - 16. Give j(-5).
29
Let j(r) = 9*r - 8. Give j(4).
28
Let m(b) = b + 10. Calculate m(8).
18
Let x(y) = 14*y + 156. Determine x(-10).
16
Let q(p) = -p**3 - p**2 + 15*p + 21. What is q(-2)?
-5
Let q(x) = -x**2 + 10*x + 10. Give q(8).
26
Let n(s) = 7*s**3 + 5*s**2 - s + 1. Give n(2).
75
Let q(o) = -2*o**3 + 4*o**2 + 7*o + 2. What is q(-2)?
20
Let n(m) = 2*m**2 + 23*m + 64. Calculate n(-3).
13
Let o(r) = -r**2 + 15*r + 17. What is o(15)?
17
Let t(q) = 16*q - 114. What is t(7)?
-2
Let r(u) = -u**2 + 3*u + 11. Give r(6).
-7
Let i(l) = -14*l**2 - 2*l - 2. What is i(-1)?
-14
Let w(y) = 6*y - 5. Give w(8).
43
Let v(s) = -2*s**2 + 1. Give v(2).
-7
Let t(g) = 2*g**2 - 15*g + 1. Determine t(7).
-6
Let l(h) = -h**2 + 19*h + 42. Determine l(-2).
0
Let f(s) = 3*s**2 - 12*s - 12. Calculate f(5).
3
Let w(j) = 6*j**2 - 8. Determine w(0).
-8
Let h(n) = -n**2 + 44*n - 157. What is h(4)?
3
Let z(n) = n**3 - 8*n**2 + 4*n - 3. Calculate z(8).
29
Let c(j) = -j**2 + 10*j + 8. What is c(11)?
-3
Let k(z) = -z**2 + 25*z + 41. Determine k(24).
65
Let s(f) = f**2 + 86*f + 950. Determine s(-13).
1
Let a(v) = v**3 + v**2 - 21. What is a(0)?
-21
Let y(x) = -56*x + 26. Determine y(1).
-30
Let n(a) = 7*a - 3. What is n(3)?
18
Let u(z) = 4*z**3 + 3*z**2 + 3*z + 1. Calculate u(-1).
-3
Let r(b) = b**2 - 3*b - 1. Give r(4).
3
Let n(c) = -3*c - 5. What is n(-7)?
16
Let t(i) = -i**2 - 12*i + 61. Give t(4).
-3
Let t(x) = x**2 + 8*x - 1. Calculate t(-3).
-16
Let y(j) = 2*j**3 - 35*j**2 + 15*j + 20. Give y(17).
-14
Let m(l) = -5*l**2 + 4*l + 3. Give m(-2).
-25
Let y(r) = 2*r + 8. What is y(-4)?
0
Let d(o) = o**3 - 2*o**2 - o + 40. Calculate d(0).
40
Let i(y) = y**3 + 20*y**2 + 20*y + 15. Determine i(-19).
-4
Let h(z) = -z**2 - 19*z - 59. What is h(-15)?
1
Let a(g) = 8*g + 1. Give a(-7).
-55
Let w(x) = x**2 + 4*x - 3. Calculate w(-7).
18
Let p(y) = y**3 - 6*y**2 - 14*y - 1. Calculate p(-2).
-5
Let t(i) = -i**3 - 20*i**2 - 15*i + 35. What is t(-19)?
-41
Let c(v) = 3*v - 12. Give c(-3).
-21
Let c(w) = -w + 3. What is c(12)?
-9
Let n(t) = t**3 + 66*t**2 + 67*t + 136. Determine n(-65).
6
Let q(m) = -16*m**2 + m. Give q(1).
-15
Let d(r) = -4*r + 6. Give d(-6).
30
Let m(t) = 9*t**2 - 2*t. Calculate m(-1).
11
Let x(v) = v**2 + 20*v + 14. What is x(-19)?
-5
Let n(y) = 27*y - 51. Determine n(2).
3
Let w(z) = -z**2 - 12*z + 47. What is w(-16)?
-17
Let t(w) = -w**2 + 12*w + 157. What is t(20)?
-3
Let h(o) = o**3 - 2*o**2 + 5*o + 7. Determine h(3).
31
Let h(u) = -u**3 + 3*u**2 + 7*u - 11. What is h(4)?
1
Let b(l) = -52*l**2 + 1. Determine b(1).
-51
Let b(p) = 23*p - 121. Determine b(7).
40
Let i(q) = 24*q - 266. Calculate i(11).
-2
Let l(g) = -g**3 + g**2 + g. Calculate l(0).
0
Let b(q) = 2